{"id":1791,"date":"2021-06-18T21:14:10","date_gmt":"2021-06-18T20:14:10","guid":{"rendered":"https:\/\/806-aphrodite.de\/?page_id=1791"},"modified":"2021-06-18T21:32:55","modified_gmt":"2021-06-18T20:32:55","slug":"teil-2-2-von-bornholm-nach-kalmar","status":"publish","type":"page","link":"https:\/\/806-aphrodite.de\/?page_id=1791","title":{"rendered":"Teil 2.2: Von Bornholm nach Kalmar"},"content":{"rendered":"\n<p>Noch f\u00e4llt mir die t\u00e4glich Routine an Bord schwer. Wo war noch mal der Knoblauch, habe ich nicht schon zum zweiten Mal die Wetterdaten abgerufen, schon wieder vergessen das Funkger\u00e4t einzuschalten und vieles mehr. Blessuren am Kopf und den Knien, weil die Gelenkigkeit doch nachl\u00e4sst, sind bei einem Kaj\u00fcteninnenraum von halber Stehh\u00f6he kaum zu vermeiden. Aber nicht Jammern sag ich mir, du hast es so gewollt. Ja, und dazu stehe ich auch.<\/p>\n\n\n\n<figure class=\"wp-block-image size-large\"><img loading=\"lazy\" decoding=\"async\" width=\"1024\" height=\"683\" src=\"https:\/\/806-aphrodite.de\/wp-content\/uploads\/2021\/06\/DC079A5E-926E-4510-B0A2-BDB729FE4B96-1024x683.jpeg\" alt=\"\" class=\"wp-image-1794\" srcset=\"https:\/\/806-aphrodite.de\/wp-content\/uploads\/2021\/06\/DC079A5E-926E-4510-B0A2-BDB729FE4B96-1024x683.jpeg 1024w, https:\/\/806-aphrodite.de\/wp-content\/uploads\/2021\/06\/DC079A5E-926E-4510-B0A2-BDB729FE4B96-300x200.jpeg 300w, https:\/\/806-aphrodite.de\/wp-content\/uploads\/2021\/06\/DC079A5E-926E-4510-B0A2-BDB729FE4B96-768x512.jpeg 768w, https:\/\/806-aphrodite.de\/wp-content\/uploads\/2021\/06\/DC079A5E-926E-4510-B0A2-BDB729FE4B96-1536x1024.jpeg 1536w, https:\/\/806-aphrodite.de\/wp-content\/uploads\/2021\/06\/DC079A5E-926E-4510-B0A2-BDB729FE4B96.jpeg 1776w\" sizes=\"auto, (max-width: 1024px) 100vw, 1024px\" \/><\/figure>\n\n\n\n<p>Dann in den ganz fr\u00fchen Morgenstunden habe ich die Leinen in Allinge losgeworfen und den Kurs auf Nogersund in Schweden abgesetzt. Eigentlich ganz einfach: immer nach Norden. Zun\u00e4chst mit halben Wind konnte ich die \u201eFrachter- und Tankerautobahn\u201c kreuzen. <\/p>\n\n\n\n<figure class=\"wp-block-image size-large\"><img loading=\"lazy\" decoding=\"async\" width=\"1024\" height=\"768\" src=\"https:\/\/806-aphrodite.de\/wp-content\/uploads\/2021\/06\/14CA2861-E24D-4FD1-A065-F3A8A54B7251-1024x768.jpeg\" alt=\"\" class=\"wp-image-1795\" srcset=\"https:\/\/806-aphrodite.de\/wp-content\/uploads\/2021\/06\/14CA2861-E24D-4FD1-A065-F3A8A54B7251-1024x768.jpeg 1024w, https:\/\/806-aphrodite.de\/wp-content\/uploads\/2021\/06\/14CA2861-E24D-4FD1-A065-F3A8A54B7251-300x225.jpeg 300w, https:\/\/806-aphrodite.de\/wp-content\/uploads\/2021\/06\/14CA2861-E24D-4FD1-A065-F3A8A54B7251-768x576.jpeg 768w, https:\/\/806-aphrodite.de\/wp-content\/uploads\/2021\/06\/14CA2861-E24D-4FD1-A065-F3A8A54B7251-1536x1152.jpeg 1536w, https:\/\/806-aphrodite.de\/wp-content\/uploads\/2021\/06\/14CA2861-E24D-4FD1-A065-F3A8A54B7251-2048x1536.jpeg 2048w\" sizes=\"auto, (max-width: 1024px) 100vw, 1024px\" \/><\/figure>\n\n\n\n<p>Dann drehte er nach S\u00fcdwest und das bedeutete Gennakerkurs. Erst gem\u00e4chlich zum Eingew\u00f6hnen, aber nachdem die Wolkendecke zunahm war die Logge kaum unter 6,5 Knoten beim Wellensurfen. Das war f\u00fcr mich schon anstrengen und dies \u00fcber Stunden. Kurz vor dem Ziel kam dann die Sonne wieder hervor und ich hatte die Chance den Gennaker problemlos einzurollen. Nur meine Navigationinstrumente spielten verr\u00fcckt, da die Batteriespannung unter 9 Volt fiel. Also stand ein Batterietausch in Nogersund an, aber ein \u00dcbernachtungsplatz hatten sie dort nicht f\u00fcr mich. Den fand ich 5 sm nordw\u00e4rts in H\u00f6rviks, wo ersch\u00f6pft nach 12 Stunden mir ein nettes Schweizer P\u00e4rchen einen Liegeplatz zeigte und mir beim Anlegen half. Gleich kam man ins Quatschen, obwohl ich noch nicht einmal die Rettungsweste ausgezogen hatte. Sie hatten eine Zweimast Vilm ODINE aus Basel und erz\u00e4hlten von ihren Erlebnissen bei einem oder auch zwei Gl\u00e4schen vorz\u00fcglichen Rotweins. Gegen\u00fcber auf dem Wohnmobilplatz ging es \u00e4hnlich zu. Das fahrende Volk unter sich. Ich denke wir sind vergleichbar, nur unser Fortbewegungsmittel unterscheiden uns. Das erfolgreiche Berufsleben hinter sich gelassen werden nun Tr\u00e4ume verwirklicht. Die Kompromisse brauchen vielleicht nur mit dem Lebenspartner eingegangen werden. Wie sch\u00f6n, dass ich dies erleben darf.<\/p>\n\n\n\n<figure class=\"wp-block-image size-large\"><img loading=\"lazy\" decoding=\"async\" width=\"1024\" height=\"683\" src=\"https:\/\/806-aphrodite.de\/wp-content\/uploads\/2021\/06\/B019E626-D2BB-44D3-AFA9-6C4FD8BB81CF-1024x683.jpeg\" alt=\"\" class=\"wp-image-1796\" srcset=\"https:\/\/806-aphrodite.de\/wp-content\/uploads\/2021\/06\/B019E626-D2BB-44D3-AFA9-6C4FD8BB81CF-1024x683.jpeg 1024w, https:\/\/806-aphrodite.de\/wp-content\/uploads\/2021\/06\/B019E626-D2BB-44D3-AFA9-6C4FD8BB81CF-300x200.jpeg 300w, https:\/\/806-aphrodite.de\/wp-content\/uploads\/2021\/06\/B019E626-D2BB-44D3-AFA9-6C4FD8BB81CF-768x512.jpeg 768w, https:\/\/806-aphrodite.de\/wp-content\/uploads\/2021\/06\/B019E626-D2BB-44D3-AFA9-6C4FD8BB81CF-1536x1024.jpeg 1536w, https:\/\/806-aphrodite.de\/wp-content\/uploads\/2021\/06\/B019E626-D2BB-44D3-AFA9-6C4FD8BB81CF.jpeg 1776w\" sizes=\"auto, (max-width: 1024px) 100vw, 1024px\" \/><\/figure>\n\n\n\n<p>Erneuter Starkwind hielt mich in H\u00f6rvigs fest, der zu einer Wanderung im Naturschutzgebiet Listershuvud animierte. Eindrucksvolle 55 Meter hohe Steinw\u00e4lle aus Rollsteinen , die die Eiszeit dort hinterlassen hat, er\u00f6ffneten mir den Blick zur\u00fcck nach Bornholm. Bis bald D\u00e4nemark.<\/p>\n\n\n\n<p>Aber jetzt bin ich in Schweden angekommen und das kann ich riechen und auch in meinem Beinmuskeln sp\u00fcren, da die Wanderwege nur aus glatten , dicken Steine mit B\u00e4umen und Blaubeerstr\u00e4ucher dazwischen bestehen.<\/p>\n\n\n\n<p>Seit Bornholm werde ich gelegentlich von kleinen, patschig wirkenden und immer in P\u00e4rchen fliegenden V\u00f6gel umkreist. Sie sind sehr flink bei ihrem schnellen Fl\u00fcgelschlag. Sie haben ein schwarzes und wei\u00dfes Gefieder und halten ihre F\u00fc\u00dfchen breitbeinig nach hinten. Zu niedlich und ich w\u00fc\u00dfte gerne wie sie hei\u00dfen. Nur zum Fotografieren sind sie zu flink oder ich zu langsam, meine Kamera startklar zu machen. F\u00fcr mich ist es immer wieder eine Freude, wenn ein P\u00e4rchen bei der Futtersuche kurz mein Boot umrundet.<\/p>\n\n\n\n<p>So auch auf dem Weg von H\u00f6rvigs nach Sandhamn bei herrlichem Segelwetter. Stetiger halber Wind mit 3-4 Bft St\u00e4rke, unter einem halben Meter Wellenh\u00f6he und Sonnenschein. Das erm\u00f6glichte mir in 10 Stunden in Sandhamn am Eingang des Kalmarsund zu kommen. Der Hafen,&nbsp;&nbsp;Petra, meine Frau w\u00fcrde sagen: \u201eKannst Du vergessen\u201c, ist der erste , den man von Bornholm kommend am Kalmarsund ansteuern kann.&nbsp;<\/p>\n\n\n\n<figure class=\"wp-block-image size-large\"><img loading=\"lazy\" decoding=\"async\" width=\"1024\" height=\"683\" src=\"https:\/\/806-aphrodite.de\/wp-content\/uploads\/2021\/06\/543FED2A-0DCF-4CA7-9EE4-960F0F8A550E-1024x683.jpeg\" alt=\"\" class=\"wp-image-1797\" srcset=\"https:\/\/806-aphrodite.de\/wp-content\/uploads\/2021\/06\/543FED2A-0DCF-4CA7-9EE4-960F0F8A550E-1024x683.jpeg 1024w, https:\/\/806-aphrodite.de\/wp-content\/uploads\/2021\/06\/543FED2A-0DCF-4CA7-9EE4-960F0F8A550E-300x200.jpeg 300w, https:\/\/806-aphrodite.de\/wp-content\/uploads\/2021\/06\/543FED2A-0DCF-4CA7-9EE4-960F0F8A550E-768x512.jpeg 768w, https:\/\/806-aphrodite.de\/wp-content\/uploads\/2021\/06\/543FED2A-0DCF-4CA7-9EE4-960F0F8A550E-1536x1024.jpeg 1536w, https:\/\/806-aphrodite.de\/wp-content\/uploads\/2021\/06\/543FED2A-0DCF-4CA7-9EE4-960F0F8A550E.jpeg 1776w\" sizes=\"auto, (max-width: 1024px) 100vw, 1024px\" \/><\/figure>\n\n\n\n<p>Morgens dann nichts wie weg r\u00fcber zum Weltkulturerbe s\u00fcdliches \u00d6land. Die Wettervorhersage war v\u00f6llig daneben. Statt mit Gennaker vor dem Wind musste ich gegen an kreuzen. Aber das schafft die APHRODITE auch ganz gut obwohl lange, meterhohe Wellen aus dem Baltikum ungehindert auf mich zu kamen. Im zweiten Leben werde ich Meteorologe. Wenn\u2019s nicht stimmt hast du dann immer eine Ausrede und f\u00fcr nichts die Verantwortung. Der Rundgang im S\u00fcden \u00d6lands brachte gegen\u00fcber 2019 keine neuen Erlebnisse, au\u00dfer dass mich der Bus zur restaurierten Wikinger Burg Eketrops Borg brachte, die einen beeindruckenden Einblick in die Urzeit \u00d6lands bietet.<\/p>\n\n\n\n<figure class=\"wp-block-image size-large\"><img loading=\"lazy\" decoding=\"async\" width=\"1024\" height=\"683\" src=\"https:\/\/806-aphrodite.de\/wp-content\/uploads\/2021\/06\/48FB28F0-4E08-4A71-85F3-DCC7A4BB577C-1024x683.jpeg\" alt=\"\" class=\"wp-image-1798\" srcset=\"https:\/\/806-aphrodite.de\/wp-content\/uploads\/2021\/06\/48FB28F0-4E08-4A71-85F3-DCC7A4BB577C-1024x683.jpeg 1024w, https:\/\/806-aphrodite.de\/wp-content\/uploads\/2021\/06\/48FB28F0-4E08-4A71-85F3-DCC7A4BB577C-300x200.jpeg 300w, https:\/\/806-aphrodite.de\/wp-content\/uploads\/2021\/06\/48FB28F0-4E08-4A71-85F3-DCC7A4BB577C-768x512.jpeg 768w, https:\/\/806-aphrodite.de\/wp-content\/uploads\/2021\/06\/48FB28F0-4E08-4A71-85F3-DCC7A4BB577C-1536x1024.jpeg 1536w, https:\/\/806-aphrodite.de\/wp-content\/uploads\/2021\/06\/48FB28F0-4E08-4A71-85F3-DCC7A4BB577C.jpeg 1776w\" sizes=\"auto, (max-width: 1024px) 100vw, 1024px\" \/><figcaption>Eketrops bborg<\/figcaption><\/figure>\n\n\n\n<p>Der nette Busfahrer holte mich wieder ab und fuhr den Bus gleich in den Hafen um mich an der APHRODITE abzusetzen. Super Service kann ich nur sagen. Leinen los und durch den Sund mit achterlichen Wind nach Kalmar geschaukelt. Und da sah ich es, dass Schlo\u00df von Kalmar im Dunst immer klarer werden. Es ist geschafft. Ich habe nun mein Vorhaben zum Ende gef\u00fchrt, die Ostsee alleine, auf eigenem Kiel zu umrunden. Ein gl\u00fcckliches und erf\u00fcllendes Gef\u00fchl. Das war mir nicht nur ein Killepitsch wert.&nbsp;<\/p>\n\n\n\n<figure class=\"wp-block-image size-large\"><img loading=\"lazy\" decoding=\"async\" width=\"1024\" height=\"768\" src=\"https:\/\/806-aphrodite.de\/wp-content\/uploads\/2021\/06\/FBE06520-503B-49E7-85DE-1D62A7FCBA4C-1024x768.jpeg\" alt=\"\" class=\"wp-image-1799\" srcset=\"https:\/\/806-aphrodite.de\/wp-content\/uploads\/2021\/06\/FBE06520-503B-49E7-85DE-1D62A7FCBA4C-1024x768.jpeg 1024w, https:\/\/806-aphrodite.de\/wp-content\/uploads\/2021\/06\/FBE06520-503B-49E7-85DE-1D62A7FCBA4C-300x225.jpeg 300w, https:\/\/806-aphrodite.de\/wp-content\/uploads\/2021\/06\/FBE06520-503B-49E7-85DE-1D62A7FCBA4C-768x576.jpeg 768w, https:\/\/806-aphrodite.de\/wp-content\/uploads\/2021\/06\/FBE06520-503B-49E7-85DE-1D62A7FCBA4C-1536x1152.jpeg 1536w, https:\/\/806-aphrodite.de\/wp-content\/uploads\/2021\/06\/FBE06520-503B-49E7-85DE-1D62A7FCBA4C-2048x1536.jpeg 2048w\" sizes=\"auto, (max-width: 1024px) 100vw, 1024px\" \/><\/figure>\n\n\n\n<p>Und da sah ich den Zug vom Bahnhof gegen\u00fcber des Hafens abfahren, den ich vor zwei Jahren nach Hause genommen hatte. Ich hatte ja versprochen ich komme zur\u00fcck.<\/p>\n","protected":false},"excerpt":{"rendered":"<p>Noch f\u00e4llt mir die t\u00e4glich Routine an Bord schwer. Wo war noch mal der Knoblauch, habe ich nicht schon zum zweiten Mal die Wetterdaten abgerufen, schon wieder vergessen das Funkger\u00e4t einzuschalten und vieles mehr. Blessuren am Kopf und den Knien, weil die Gelenkigkeit doch nachl\u00e4sst, sind bei einem Kaj\u00fcteninnenraum von halber Stehh\u00f6he kaum zu vermeiden. &hellip; <a href=\"https:\/\/806-aphrodite.de\/?page_id=1791\" class=\"more-link\"><span class=\"screen-reader-text\">Teil 2.2: Von Bornholm nach Kalmar<\/span> weiterlesen<\/a><\/p>\n","protected":false},"author":1,"featured_media":0,"parent":0,"menu_order":0,"comment_status":"closed","ping_status":"closed","template":"","meta":{"ngg_post_thumbnail":0,"jetpack_post_was_ever_published":false,"footnotes":""},"class_list":["post-1791","page","type-page","status-publish","hentry"],"jetpack_sharing_enabled":true,"_links":{"self":[{"href":"https:\/\/806-aphrodite.de\/index.php?rest_route=\/wp\/v2\/pages\/1791","targetHints":{"allow":["GET"]}}],"collection":[{"href":"https:\/\/806-aphrodite.de\/index.php?rest_route=\/wp\/v2\/pages"}],"about":[{"href":"https:\/\/806-aphrodite.de\/index.php?rest_route=\/wp\/v2\/types\/page"}],"author":[{"embeddable":true,"href":"https:\/\/806-aphrodite.de\/index.php?rest_route=\/wp\/v2\/users\/1"}],"replies":[{"embeddable":true,"href":"https:\/\/806-aphrodite.de\/index.php?rest_route=%2Fwp%2Fv2%2Fcomments&post=1791"}],"version-history":[{"count":5,"href":"https:\/\/806-aphrodite.de\/index.php?rest_route=\/wp\/v2\/pages\/1791\/revisions"}],"predecessor-version":[{"id":1806,"href":"https:\/\/806-aphrodite.de\/index.php?rest_route=\/wp\/v2\/pages\/1791\/revisions\/1806"}],"wp:attachment":[{"href":"https:\/\/806-aphrodite.de\/index.php?rest_route=%2Fwp%2Fv2%2Fmedia&parent=1791"}],"curies":[{"name":"wp","href":"https:\/\/api.w.org\/{rel}","templated":true}]}}